by m.
9
Suppose -35 = -4*g + 49. What is the remainder when 144 is divided by g?
18
Let a(u) = -4*u - 2*u**2 - 5*u - 7 + u**2. Suppose 30*j - 25*j = -30. Calculate the remainder when a(j) is divided by 4.
3
Let z be 3/(-1 + -5)*-30. Let o = z + -11. Calculate the remainder when o is divided by 3.
1
Let u be 2/4 + 14/4. Let i = -3 - -11. What is the remainder when (-4)/u + 0 + 15 is divided by i?
6
Let d(l) = l**2 + 3. Let n be d(0). Suppose 67 = 5*v + n*s, 0*v = 5*v - s - 51. What is the remainder when 21 is divided by v?
10
Let h(u) = 5*u**2 - 4*u + 1. Let n(q) = -9*q**2 + 7*q - 2. Let c(o) = 11*h(o) + 6*n(o). What is the remainder when 41 is divided by c(-3)?
13
Suppose -5*c + 34 = -236. What is the remainder when c is divided by 11?
10
Suppose -6*i + 15*i - 198 = 0. Calculate the remainder when i is divided by 10.
2
Suppose -4*f - 160 = -3*q, 48 = 2*q - 2*f - 58. Suppose -4*o - q = -0*o. Let u = o - -21. Calculate the remainder when u is divided by 5.
3
Suppose 0 = 3*u + 6, 4*n = 5*u - 0*u + 74. Calculate the remainder when 62 is divided by n.
14
Let n(h) = h**3 - 5*h**2 - h. Let o be n(5). Let w = o + 7. Calculate the remainder when 2 is divided by w.
0
Suppose -15 = -2*x - 3*x. Suppose 0*y = -y - x*d + 61, -5*y - 2*d + 357 = 0. Calculate the remainder when y is divided by 25.
23
Suppose 0 = 6*o - 14 - 64. What is the remainder when 49 - 2 - (0 + -1) is divided by o?
9
Let b = -5 + 6. Let d(j) = -3*j + 8*j**2 - 2 + 1 + 4*j. What is the remainder when d(b) is divided by 3?
2
Suppose -5*w - 4*v + 90 = v, -w = 2*v - 22. Calculate the remainder when w is divided by (5/4)/((-2)/(-8)).
4
Let w = 180 + -98. What is the remainder when w is divided by 14?
12
Let s be (9/6)/(2/(-8)). Let c = 10 + s. What is the remainder when 21 is divided by c?
1
Let c = 4 + 9. Let k = 9 + -7. Suppose -5*d = -t - 2*t - 13, -k*t = 5*d - 33. Calculate the remainder when c is divided by d.
3
Let f = 77 + -6. Suppose f = 4*v + 5*x, -5*x + 4 - 31 = -3*v. Suppose -57 = -5*l - 17. Calculate the remainder when v is divided by l.
6
Let y = 105 - 84. Calculate the remainder when 144 is divided by y.
18
Let f(g) = -2*g**3 - 5*g**2 - 3*g. Suppose -7 = -5*z - 22. Calculate the remainder when 0 + 36 + z + 1 is divided by f(-3).
16
Suppose 0 = -p + 2*o - 13 - 3, 5*p + 140 = -5*o. What is the remainder when 9 is divided by p/(-9)*(-3)/(-2)?
1
Let n = -4 + 4. Suppose n = 3*c + 57 - 240. Let t = -41 + c. Calculate the remainder when 39 is divided by t.
19
Let b = -5 - -12. Calculate the remainder when b is divided by -1*(-3 + 5 - 5).
1
Let j(f) = 2*f**2 - 15*f - 4. Calculate the remainder when 5 is divided by j(8).
1
Suppose -4*z + 20 = 0, 2*l - z = -0*z + 61. Let f = l + -18. Let y = 38 - f. Calculate the remainder when y is divided by 8.
7
Let m = 7 + -5. Suppose m*f - 2*v = 24, f - 4*v - 20 = -f. What is the remainder when 41 is divided by f?
13
Let g = -1 - -14. Calculate the remainder when 21 is divided by g.
8
Let w be 2/2*2 - -27. Suppose 0 = -h - a + 6 - 1, -5*h - 3*a + w = 0. Let n = -18 + 38. What is the remainder when n is divided by h?
6
Let c = 2 - 3. Let a(m) be the third derivative of 7*m**5/30 + m**4/12 + m**3/6 + m**2. Calculate the remainder when 37 is divided by a(c).
11
Suppose 4*p = 5*s - 14, p - 2 + 10 = 2*s. Suppose l = -2*z + 38, 3 + 47 = 2*z + 4*l. What is the remainder when z is divided by s?
5
Let u(o) = o**2 + 2*o + 17. What is the remainder when u(-7) is divided by 14?
10
Suppose 13*v = 11*v + 278. What is the remainder when v is divided by 20?
19
Let l(a) = -a**2 - 17*a - 21. What is the remainder when l(-6) is divided by 16?
13
Let j(s) = s**2 - 14*s - 11. What is the remainder when j(18) is divided by 21?
19
What is the remainder when 5/20 - (-119)/4 is divided by 8?
6
Let u = 14 + 4. Suppose i + 0*i - u = 0. Suppose 0 = -5*s + 4*b + 187, -8*b - 117 = -3*s - 4*b. What is the remainder when s is divided by i?
17
Let h = -10 - -20. Let v = -6 + h. Calculate the remainder when 10 is divided by v.
2
Suppose 0 = -o + 2*h + 11, 0*o - 62 = -4*o - h. Suppose f = 2*f - 42. Calculate the remainder when f is divided by o.
12
Let t = 14 + -10. Let g = t - -4. What is the remainder when 15 is divided by g?
7
Suppose 2*c - 6 = -5*s - 1, 0 = -4*s - 3*c - 3. Calculate the remainder when (-5 + 8)/(0 + 1) is divided by s.
0
Let s = 2 + 6. What is the remainder when 15 is divided by s?
7
Let n be -59 - 6*(-4)/8. Suppose 68 = -0*a - 2*a. Let b = a - n. What is the remainder when b is divided by 12?
10
Let f = 4 + -1. Suppose 2*q - 55 = -f*a, 2*q - 19 = -2*a + 17. Let p(h) = -12*h**3 - 2*h**2 + 1. Calculate the remainder when a is divided by p(-1).
8
Let g be (12/(-16))/((-2)/(-104)). Let y(x) = x**3 + 4*x**2 - x - 3. What is the remainder when (-8)/(-3)*g/(-4) is divided by y(-3)?
8
Suppose -2*x + 20 + 40 = 0. Let o = 20 + -12. What is the remainder when x is divided by o?
6
Suppose -4*p + 116 - 28 = -3*k, 2*k + 110 = 5*p. Suppose -p = -5*x - 2. What is the remainder when 11 is divided by x?
3
Suppose -2*i = -0*i - 46. Suppose 5*c = 3*c - 5*r + 49, -c - 2*r = -i. What is the remainder when 50 is divided by c?
16
Let c be (3/4)/((-2)/(-8)). Suppose c*b = -4*l + 43, 2*l = 3*b - 92 + 19. What is the remainder when 61 is divided by b?
19
Let q = 125 + -42. Let y = q + -44. Calculate the remainder when y is divided by -1*4*(-4 + -1).
19
Let h be 17/4 + 2/(-8). Let i be 3 - 5/(-1 + 4/5). Suppose -i = -h*x + 12. What is the remainder when x is divided by 4?
2
Suppose 110*j = 108*j + 40. Calculate the remainder when 79 is divided by j.
19
Suppose -5*b + 2*b + 54 = 0. What is the remainder when b is divided by 10?
8
Let p = 89 + -55. Let l(w) = 4*w**2 - 5*w - 23. Let a(q) = -q**2 + q + 1. Let m(b) = -5*a(b) - l(b). What is the remainder when p is divided by m(0)?
16
Calculate the remainder when 42 is divided by (11 - 6/2) + 1.
6
Suppose l = 3 + 5. Let k be 16 - (l/2 - 2). Calculate the remainder when 10 is divided by (-4)/k + (-60)/(-14).
2
Let j = 1 + 4. Suppose -j*g + 192 - 42 = 0. What is the remainder when 117 is divided by g?
27
Let w(c) = c**3 - 20*c**2 + 18*c + 24. Calculate the remainder when 7 is divided by w(19).
2
Suppose 13 = -3*k + 1. Let f(u) = u**3 + 2*u**2 + 2*u + 2. Let m be f(-2). Let d = m - k. What is the remainder when 2 is divided by d?
0
Suppose -5*l + 356 = -l. Let f = 133 - l. What is the remainder when f is divided by -5*(-9)/6*2?
14
Suppose 3*g - 3*r = 39, 2*g + 2*g - 5*r = 50. Calculate the remainder when 59 is divided by g.
14
Calculate the remainder when -11*(30/2)/(-3) is divided by 19.
17
Suppose -4*u + 9*u - 60 = 0. Calculate the remainder when 22 is divided by u.
10
Let c(f) be the second derivative of -f**5/20 + 11*f**4/12 - 5*f**3/6 - 3*f**2 + 10*f. What is the remainder when c(5) is divided by 30?
29
Let o = -2 + 5. Suppose 12 = 3*n - o. Suppose 117 = n*x + 12. What is the remainder when x is divided by 6?
3
Let q = 122 - 71. Calculate the remainder when q is divided by 13.
12
Let o(y) = -y**2 - 2*y + 20. Calculate the remainder when 35 is divided by o(0).
15
Let j(p) be the second derivative of p**3/6 + 27*p**2/2 + 3*p. Calculate the remainder when 63 is divided by j(-11).
15
Calculate the remainder when 1/(5/10*(-4)/(-274)) is divided by 14.
11
Let f = -91 + 107. Let k(l) = l + 9. Calculate the remainder when f is divided by k(0).
7
Suppose 0 = 10*j - 14*j + 216. Calculate the remainder when j is divided by 14.
12
Let u be 6/(-4)*(-19 - 5). Suppose 0 = 4*n - 2*p - u, 4*p - 63 = -5*n + 2*p. Calculate the remainder when (-61)/(-2) - (-2)/(-4) is divided by n.
8
Let j(g) = -4*g + 18. Calculate the remainder when 27 is divided by j(2).
7
Let k(p) = 3*p - 1 + 0*p - 3. Let f(t) = t**2 - t + 1. Let l be f(-2). What is the remainder when k(l) is divided by 9?
8
Suppose 0*v - 5*c = -4*v - 68, -5*v + 2*c = 68. Suppose 0 = -4*q + 5*o + 69, 68 = 4*q - o - 13. Calculate the remainder when q is divided by 4/(-6) + (-140)/v.
10
Let d = 128 + -18. Calculate the remainder when d is divided by 28.
26
Let r(z) = 8*z + 1. Let y = 4 - 7. Let w be r(y). What is the remainder when 49 is divided by 2 + -1 - (w - -7)?
15
Suppose 2*z - 7 - 9 = 0. What is the remainder when 31 is divided by z?
7
Suppose 4*f + 4*l = 18 + 70, 2*f = -l + 42. What is the remainder wh